e 38909696?
False
Does 6330 divide 505184640?
True
Is 2579293872 a multiple of 29?
True
Is 15240 a multiple of 60?
True
Does 4700 divide 268835300?
True
Is 506605834 a multiple of 134?
False
Does 1241 divide 233308?
True
Is 33561336 a multiple of 8?
True
Does 31 divide 11295683?
False
Is 58 a factor of 5656787?
False
Is 97 a factor of 20533639?
True
Does 13 divide 3617488593?
False
Does 1882 divide 922528057?
False
Is 98 a factor of 44121714?
False
Is 6 a factor of 94591?
False
Is 3 a factor of 15773024?
False
Does 160 divide 329671150?
False
Does 106 divide 25185282?
True
Is 27658111 a multiple of 44?
False
Is 3342 a factor of 60446754?
True
Is 22 a factor of 49511427?
False
Is 548831560 a multiple of 10?
True
Is 5919 a factor of 573427717?
False
Is 6998145700 a multiple of 61?
True
Is 319647 a multiple of 483?
False
Is 8970986 a multiple of 235?
False
Does 2619 divide 1265765319?
True
Is 3 a factor of 53737806?
True
Is 289147642 a multiple of 994?
True
Is 264 a factor of 11945208?
True
Is 412794851 a multiple of 29?
False
Does 37 divide 18449175?
False
Is 64 a factor of 152853845?
False
Is 413 a factor of 21171206?
True
Is 802 a factor of 629084790?
True
Does 75 divide 49019025?
True
Does 18 divide 7201962?
True
Is 330912 a multiple of 12?
True
Does 532 divide 1234249044?
True
Does 73 divide 25366916?
True
Does 6 divide 99196293?
False
Is 1091844 a multiple of 36?
True
Does 4213 divide 46536798?
True
Is 316170267 a multiple of 21?
True
Does 26 divide 62748369?
False
Is 70136136 a multiple of 1302?
True
Is 41618749 a multiple of 25?
False
Is 83768446 a multiple of 1047?
False
Does 236 divide 9800136?
True
Is 37368299 a multiple of 256?
False
Does 76 divide 51839166?
False
Is 9 a factor of 149741010?
True
Is 3057147660 a multiple of 10?
True
Is 748 a factor of 45234148?
False
Is 63 a factor of 9775209?
False
Is 14 a factor of 1169118?
False
Does 45 divide 106689?
False
Does 691 divide 68544380?
False
Is 846 a factor of 689083428?
False
Is 22 a factor of 12941582?
False
Is 888 a factor of 304039805?
False
Is 109300275 a multiple of 725?
True
Is 128134552 a multiple of 568?
True
Does 16 divide 86032210?
False
Is 263486013 a multiple of 267?
True
Does 1983 divide 859089141?
True
Is 13 a factor of 828574370?
True
Does 111 divide 9693475?
False
Is 2879 a factor of 461138067?
True
Is 280278713 a multiple of 2783?
True
Is 6866 a factor of 474000353?
False
Does 470 divide 1158550?
True
Does 122 divide 47360891?
False
Does 32 divide 14369344?
True
Does 2 divide 11799767?
False
Is 25 a factor of 385333092?
False
Is 930 a factor of 98350290?
True
Is 2634 a factor of 59794434?
True
Is 1576 a factor of 116801723?
False
Is 48418150 a multiple of 605?
True
Is 909684070 a multiple of 4992?
False
Is 65 a factor of 298025?
True
Is 4128197 a multiple of 275?
False
Is 809487152 a multiple of 197?
False
Does 656 divide 45009829?
False
Is 159 a factor of 790971417?
True
Is 172097598 a multiple of 13?
False
Is 11 a factor of 1804352078?
False
Is 15 a factor of 261877287?
False
Does 436 divide 65213992?
False
Is 591 a factor of 3543636?
True
Is 27 a factor of 801686511?
True
Is 15423216 a multiple of 492?
True
Does 561 divide 225261582?
False
Is 11180161 a multiple of 1012?
False
Is 633009320 a multiple of 190?
True
Is 130 a factor of 163403881?
False
Is 24 a factor of 1264177059?
False
Does 23 divide 1339533064?
True
Does 52 divide 86481252?
True
Does 20 divide 1128193652?
False
Is 1456 a factor of 20438927?
False
Is 125 a factor of 3135973753?
False
Does 102 divide 22404578?
False
Is 1778 a factor of 97498083?
False
Is 197309825 a multiple of 15?
False
Is 216 a factor of 1872506808?
True
Does 4034 divide 337150664?
False
Is 17645260 a multiple of 2?
True
Is 6 a factor of 172797572?
False
Does 86 divide 390073984?
True
Is 11 a factor of 21568184?
True
Is 75728789 a multiple of 449?
True
Is 54 a factor of 194256148?
False
Does 245 divide 27717676?
False
Is 343 a factor of 71607081?
True
Is 681975322 a multiple of 2506?
True
Is 88 a factor of 2129519?
False
Is 189518108 a multiple of 3757?
True
Is 15093369 a multiple of 261?
True
Is 28380128 a multiple of 1048?
False
Is 380650560 a multiple of 656?
True
Does 6 divide 4585565?
False
Is 957 a factor of 34680723?
True
Is 16928976 a multiple of 8?
True
Is 2194496 a multiple of 136?
True
Does 5 divide 9401691?
False
Is 23447556 a multiple of 396?
True
Does 1811 divide 1060663443?
False
Does 136 divide 62561236?
False
Is 758193019 a multiple of 19?
False
Is 136 a factor of 1902659720?
True
Does 754 divide 11181556?
False
Is 199 a factor of 3574272835?
False
Does 28 divide 70197008?
True
Is 504705573 a multiple of 113?
True
Does 306 divide 30756480?
False
Does 1160 divide 2138689?
False
Is 132254409 a multiple of 3?
True
Is 16 a factor of 50519552?
True
Is 120266749 a multiple of 1353?
False
Is 1376 a factor of 699447292?
False
Is 246140199 a multiple of 3453?
True
Is 38665116 a multiple of 9?
True
Is 103231812 a multiple of 76?
False
Is 693 a factor of 1218511165?
False
Is 272072459 a multiple of 23?
False
Does 291 divide 35336387?
False
Is 1064 a factor of 209176016?
True
Does 512 divide 3375435?
False
Is 44 a factor of 186231100?
True
Is 386443330 a multiple of 4417?
True
Is 152683623 a multiple of 1097?
False
Is 38 a factor of 4313208?
False
Is 118 a factor of 14632272?
False
Is 917 a factor of 25080605?
False
Does 1075 divide 10159281?
False
Is 298 a factor of 16249435?
False
Is 10 a factor of 12202050?
True
Is 20 a factor of 29442320?
True
Is 25290979 a multiple of 2?
False
Does 2379 divide 655498871?
False
Does 25 divide 3038650?
True
Is 171438645 a multiple of 10?
False
Is 682 a factor of 2287933543?
False
Is 34825885 a multiple of 2285?
False
Does 933 divide 587328165?
True
Is 408589211 a multiple of 137?
True
Is 1145 a factor of 48760602?
False
Is 114967299 a multiple of 73?
False
Is 4332796352 a multiple of 564?
False
Does 61 divide 4832962913?
False
Is 167568649 a multiple of 33?
False
Does 1242 divide 1191468469?
False
Does 542 divide 38737282?
True
Is 89276442 a multiple of 29?
True
Is 1040 a factor of 12492855?
False
Does 3 divide 514451?
False
Is 2016 a factor of 14146272?
True
Is 23 a factor of 56936362?
True
Does 132 divide 303336?
True
Does 117 divide 240232707?
True
Is 934875 a multiple of 45?
True
Does 83 divide 161557923?
True
Does 73 divide 38035190?
True
Is 137 a factor of 18324572?
True
Is 16 a factor of 1758183792?
True
Is 11950406 a multiple of 302?
False
Is 106495338 a multiple of 78?
False
Is 2698 a factor of 179983580?
True
Is 7 a factor of 183126243?
False
Is 230600142 a multiple of 129?
True
Is 115 a factor of 63954200?
False
Is 483092851 a multiple of 5497?
True
Does 89 divide 10274694?
True
Is 301 a factor of 105591402?
True
Is 1622 a factor of 321010020?
True
Is 158043266 a multiple of 94?
False
Is 15444896 a multiple of 32?
True
Is 2925 a factor of 45605742?
False
Does 37 divide 97408198?
True
Is 221306758 a multiple of 118?
True
Is 4548702 a multiple of 339?
True
Is 1940 a factor of 41179226?
False
Is 297 a factor of 15069719?
False
Does 563 divide 1694912938?
False
Does 68 divide 2707564761?
False
Is 253836755 a multiple of 18?
False
Is 64 a factor of 104089024?
True
Is 3072 a factor of 155321671?
False
Is 1346247925 a multiple of 76?
False
Is 27419581 a multiple of 101?
True
Is 688330018 a multiple of 283?
False
Is 47509660 a multiple of 54?
False
Is 52 a factor of 22932825?
False
Does 600 divide 132022800?
True
Is 27 a factor of 139647321?
True
Is 613885522 a multiple of 24?
False
Is 355 a factor of 9104258?
False
Is 6 a factor of 5581854?
True
Is 2186386 a multiple of 217?
False
Does 1170 divide 87683957?
False
Does 2080 divide 941479183?
False
Is 15 a factor of 206069011?
False
Is 11 a factor of 607519?
True
Is 15 a factor of 40769878?
False
Does 15 divide 12073284?
False
Does 4 divide 84152598?
False
Is 2374560 a multiple of 1632?
True
Does 35 divide 819385210?
True
Is 30587213 a multiple of 597?
False
Is 30 a factor of 1112886540?
True
Does 1539 divide 290526264?
True
Is 520 a factor of 57318868?
False
Does 706 divide 3523646?
True
Is 985 a factor of 20232946?
False
Is 18 a factor of 20201598?
True
Is 24 a factor of 1574583838?
False
Is 211558200 a multiple of 2975?
True
Is 91